the remainder when 189 is divided by 125?
64
Calculate the remainder when 696 is divided by 89.
73
What is the remainder when 430 is divided by 18?
16
Calculate the remainder when 738 is divided by 10.
8
Calculate the remainder when 206 is divided by 8.
6
What is the remainder when 470 is divided by 110?
30
What is the remainder when 127 is divided by 122?
5
What is the remainder when 617 is divided by 51?
5
Calculate the remainder when 7070 is divided by 32.
30
Calculate the remainder when 187 is divided by 39.
31
What is the remainder when 518 is divided by 40?
38
Calculate the remainder when 700 is divided by 118.
110
What is the remainder when 2248 is divided by 141?
133
Calculate the remainder when 6423 is divided by 8.
7
What is the remainder when 2241 is divided by 371?
15
What is the remainder when 555 is divided by 77?
16
What is the remainder when 1671 is divided by 88?
87
Calculate the remainder when 244 is divided by 124.
120
Calculate the remainder when 1611 is divided by 45.
36
Calculate the remainder when 20814 is divided by 16.
14
Calculate the remainder when 32 is divided by 15.
2
Calculate the remainder when 560 is divided by 47.
43
What is the remainder when 990 is divided by 62?
60
What is the remainder when 68 is divided by 35?
33
Calculate the remainder when 297 is divided by 51.
42
What is the remainder when 64 is divided by 16?
0
What is the remainder when 2393 is divided by 7?
6
What is the remainder when 1953 is divided by 49?
42
What is the remainder when 2427 is divided by 200?
27
Calculate the remainder when 272 is divided by 55.
52
What is the remainder when 207 is divided by 36?
27
What is the remainder when 120 is divided by 33?
21
What is the remainder when 1036 is divided by 30?
16
Calculate the remainder when 178 is divided by 18.
16
What is the remainder when 514 is divided by 47?
44
What is the remainder when 12635 is divided by 142?
139
Calculate the remainder when 30 is divided by 18.
12
What is the remainder when 12381 is divided by 1375?
6
What is the remainder when 384 is divided by 11?
10
Calculate the remainder when 203 is divided by 64.
11
Calculate the remainder when 550 is divided by 81.
64
What is the remainder when 4949 is divided by 68?
53
What is the remainder when 154 is divided by 3?
1
What is the remainder when 317 is divided by 152?
13
What is the remainder when 334 is divided by 37?
1
What is the remainder when 204 is divided by 41?
40
What is the remainder when 499 is divided by 20?
19
Calculate the remainder when 277 is divided by 75.
52
Calculate the remainder when 264 is divided by 7.
5
Calculate the remainder when 119 is divided by 51.
17
What is the remainder when 446 is divided by 30?
26
Calculate the remainder when 819 is divided by 67.
15
Calculate the remainder when 24 is divided by 4.
0
Calculate the remainder when 313 is divided by 109.
95
What is the remainder when 419 is divided by 72?
59
What is the remainder when 3618 is divided by 84?
6
What is the remainder when 66 is divided by 17?
15
Calculate the remainder when 70 is divided by 24.
22
Calculate the remainder when 120 is divided by 68.
52
Calculate the remainder when 643 is divided by 38.
35
Calculate the remainder when 333 is divided by 16.
13
What is the remainder when 6013 is divided by 70?
63
Calculate the remainder when 486 is divided by 126.
108
What is the remainder when 316 is divided by 157?
2
What is the remainder when 138 is divided by 55?
28
Calculate the remainder when 385 is divided by 49.
42
What is the remainder when 3682 is divided by 34?
10
What is the remainder when 55 is divided by 54?
1
Calculate the remainder when 608 is divided by 15.
8
What is the remainder when 731 is divided by 21?
17
What is the remainder when 487 is divided by 61?
60
What is the remainder when 985 is divided by 21?
19
Calculate the remainder when 131 is divided by 12.
11
What is the remainder when 622 is divided by 125?
122
What is the remainder when 12 is divided by 12?
0
What is the remainder when 244 is divided by 49?
48
What is the remainder when 3018 is divided by 7?
1
Calculate the remainder when 303 is divided by 44.
39
What is the remainder when 668 is divided by 252?
164
Calculate the remainder when 3100 is divided by 619.
5
What is the remainder when 231 is divided by 26?
23
Calculate the remainder when 2353 is divided by 76.
73
Calculate the remainder when 285 is divided by 96.
93
Calculate the remainder when 1387 is divided by 29.
24
What is the remainder when 1593 is divided by 84?
81
Calculate the remainder when 3860 is divided by 386.
0
What is the remainder when 131 is divided by 36?
23
Calculate the remainder when 409 is divided by 40.
9
Calculate the remainder when 116 is divided by 79.
37
What is the remainder when 298 is divided by 20?
18
Calculate the remainder when 332 is divided by 93.
53
What is the remainder when 10031 is divided by 33?
32
What is the remainder when 878 is divided by 14?
10
What is the remainder when 162 is divided by 24?
18
Calculate the remainder when 197 is divided by 11.
10
What is the remainder when 19178 is divided by 46?
42
Calculate the remainder when 131 is divided by 44.
43
What is the remainder when 315 is divided by 79?
78
Calculate the remainder when 92 is divided by 12.
8
What is the remainder when 931 is divided by 117?
112
Calculate the remainder when 84 is divided by 20.
4
What is the remainder when 179 is divided by 36?
35
Calculate the remainder when 53 is divided by 33.
20
What is the remainder when 161 is divided by 11?
7
What is the remainder when 983 is divided by 52?
47
What is the remainder when 221 is divided by 42?
11
What is the remainder when 1146 is divided by 25?
21
What is the remainder when 1771 is divided by 137?
127
What is the remainder when 526 is divided by 13?
6
Calculate the remainder when 333 is divided by 164.
5
What is the remainder when 361 is divided by 42?
25
Calculate the remainder when 971 is divided by 31.
10
What is the remainder when 190 is divided by 48?
46
Calculate the remainder when 25 is divided by 9.
7
What is the remainder when 7067 is divided by 38?
37
Calculate the remainder when 87 is divided by 11.
10
Calculate the remainder when 670 is divided by 52.
46
Calculate the remainder when 39 is divided by 27.
12
What is the remainder when 529 is divided by 59?
57
What is the remainder when 1841 is divided by 457?
13
What is the remainder when 784 is divided by 111?
7
What is the remainder when 1068 is divided by 266?
4
What is the remainder when 1974 is divided by 247?
245
What is the remainder when 1311 is divided by 44?
35
What is the remainder when 503 is divided by 69?
20
Calculate the remainder when 481 is divided by 7.
5
What is the remainder when 133 is divided by 7?
0
What is the remainder when 353 is divided by 95?
68
Calculate the remainder when 652 is divided by 68.
40
Calculate the remainder when 41 is divided by 14.
13
What is the remainder when 84 is divided by 53?
31
Calculate the remainder when 505 is divided by 15.
10
What is the remainder when 56 is divided by 37?
19
Calculate the remainder when 150 is divided by 6.
0
Calculate the remainder when 33 is divided by 2.
1
What is the remainder when 1339 is divided by 134?
133
Calculate the remainder when 207 is divided by 16.
15
Calculate the remainder when 538 is divided by 516.
22
Calculate the remainder when 349 is divided by 14.
13
Calculate the remainder when 285 is divided by 17.
13
Calculate the remainder when 789 is divided by 22.
19
What is the remainder when 872 is divided by 865?
7
Calculate the remainder when 1467 is divided by 100.
67
Calculate the remainder when 990 is divided by 43.
1
What is the remainder when 1491 is divided by 152?
123
What is the remainder when 46283 is divided by 6?
5
Calculate the remainder when 338 is divided by 17.
15
What is the remainder when 75 is divided by 53?
22
Calculate the remainder when 358 is divided by 94.
76
What is the remainder when 509 is divided by 15?
14
Calculate the remainder when 57 is divided by 6.
3
What is the remainder when 163 is divided by 7?
2
What is the remainder when 554 is divided by 31?
27
Calculate the remainder when 2044 is divided by 339.
10
Calculate the remainder when 196 is divided 